{"id":6135,"date":"2023-09-26T14:26:56","date_gmt":"2023-09-26T14:26:56","guid":{"rendered":"http:\/\/eyo-eyewear.comproducto\/colorful-oporto\/"},"modified":"2023-11-29T12:07:18","modified_gmt":"2023-11-29T12:07:18","slug":"colorful-oporto","status":"publish","type":"product","link":"https:\/\/eyo-eyewear.com\/ca\/producto\/colorful-oporto\/","title":{"rendered":"Colorful Oporto"},"content":{"rendered":"","protected":false},"excerpt":{"rendered":"<p>Porto, coneguda tamb\u00e9 pel vi, les esgl\u00e9sies, els tramvies i les rajoles, est\u00e0 situada a la ribera esquerra de la desembocadura del Duero, al nord de Portugal. Entre les pujades i baixades dels seus carrers no passen desapercebudes les antigues cases acolorides al m\u00e9s pur estil veneci\u00e0.<\/p>\n<p>Las luces de la ciudad reflejadas en las aguas del Duero inspiraron las <strong>Colorful Oporto<\/strong>, pudi\u00e9ndose apreciar gracias a la combinaci\u00f3n de acetatos de distintos colores y grosores, haciendo resaltar todav\u00eda m\u00e1s la mirada de quien las lleva.<\/p>\n<p>La part superior d&#8217;aquestes ulleres destaca per tenir l\u00ednies rectes, refor\u00e7ades per diferents relleus, mentre que la part inferior arrodoneix la forma, donant personalitat i dol\u00e7or.<\/p>\n<p class=\"medidas\">MIDES:<\/p>\n<ul class=\"iconproducts\">\n<li><img decoding=\"async\" src=\"https:\/\/eyo-eyewear.com\/wp-content\/uploads\/2023\/10\/iconos-03.webp\"> 142mm<\/li>\n<li><img decoding=\"async\" src=\"https:\/\/eyo-eyewear.com\/wp-content\/uploads\/2023\/10\/iconos-02.webp\"> 53mm<\/li>\n<li><img decoding=\"async\" src=\"https:\/\/eyo-eyewear.com\/wp-content\/uploads\/2023\/10\/iconos-01.png\"> 18mm<\/li>\n<\/ul>\n","protected":false},"featured_media":5417,"template":"","meta":[],"product_brand":[],"product_cat":[165],"product_tag":[162],"class_list":{"0":"post-6135","1":"product","2":"type-product","3":"status-publish","4":"has-post-thumbnail","6":"product_cat-mixtes","7":"product_tag-muntura-mixta","9":"first","10":"instock","11":"taxable","12":"shipping-taxable","13":"purchasable","14":"product-type-variable","15":"has-default-attributes"},"_links":{"self":[{"href":"https:\/\/eyo-eyewear.com\/ca\/wp-json\/wp\/v2\/product\/6135","targetHints":{"allow":["GET"]}}],"collection":[{"href":"https:\/\/eyo-eyewear.com\/ca\/wp-json\/wp\/v2\/product"}],"about":[{"href":"https:\/\/eyo-eyewear.com\/ca\/wp-json\/wp\/v2\/types\/product"}],"version-history":[{"count":2,"href":"https:\/\/eyo-eyewear.com\/ca\/wp-json\/wp\/v2\/product\/6135\/revisions"}],"predecessor-version":[{"id":6719,"href":"https:\/\/eyo-eyewear.com\/ca\/wp-json\/wp\/v2\/product\/6135\/revisions\/6719"}],"wp:featuredmedia":[{"embeddable":true,"href":"https:\/\/eyo-eyewear.com\/ca\/wp-json\/wp\/v2\/media\/5417"}],"wp:attachment":[{"href":"https:\/\/eyo-eyewear.com\/ca\/wp-json\/wp\/v2\/media?parent=6135"}],"wp:term":[{"taxonomy":"product_brand","embeddable":true,"href":"https:\/\/eyo-eyewear.com\/ca\/wp-json\/wp\/v2\/product_brand?post=6135"},{"taxonomy":"product_cat","embeddable":true,"href":"https:\/\/eyo-eyewear.com\/ca\/wp-json\/wp\/v2\/product_cat?post=6135"},{"taxonomy":"product_tag","embeddable":true,"href":"https:\/\/eyo-eyewear.com\/ca\/wp-json\/wp\/v2\/product_tag?post=6135"}],"curies":[{"name":"wp","href":"https:\/\/api.w.org\/{rel}","templated":true}]}}

<p>Porto, coneguda també pel vi, les esglésies, els tramvies i les rajoles, està situada a la ribera esquerra de la desembocadura del Duero, al nord de Portugal. Entre les pujades i baixades dels seus carrers no passen desapercebudes les antigues cases acolorides al més pur estil venecià.</p>
<p>Las luces de la ciudad reflejadas en las aguas del Duero inspiraron las <strong>Colorful Oporto</strong>, pudiéndose apreciar gracias a la combinación de acetatos de distintos colores y grosores, haciendo resaltar todavía más la mirada de quien las lleva.</p>
<p>La part superior d&#8217;aquestes ulleres destaca per tenir línies rectes, reforçades per diferents relleus, mentre que la part inferior arrodoneix la forma, donant personalitat i dolçor.</p>
<p class="medidas">MIDES:</p>
<ul class="iconproducts">
<li><img decoding="async" src="https://eyo-eyewear.com/wp-content/uploads/2023/10/iconos-03.webp"> 142mm</li>
<li><img decoding="async" src="https://eyo-eyewear.com/wp-content/uploads/2023/10/iconos-02.webp"> 53mm</li>
<li><img decoding="async" src="https://eyo-eyewear.com/wp-content/uploads/2023/10/iconos-01.png"> 18mm</li>
</ul>
